{"id":99,"date":"2019-03-27T15:55:13","date_gmt":"2019-03-27T14:55:13","guid":{"rendered":"http:\/\/alatomassages.com\/?page_id=99"},"modified":"2019-09-23T19:10:27","modified_gmt":"2019-09-23T17:10:27","slug":"les-massages-bien-etre-alato","status":"publish","type":"page","link":"https:\/\/alatomassages.com\/index.php\/les-massages-bien-etre-alato\/","title":{"rendered":"Nos massages"},"content":{"rendered":"\n<p><em>Avertissement :  conform\u00e9ment \u00e0 la r\u00e9ponse du gouvernement publi\u00e9e au Journal Officiel de l\u2019Assembl\u00e9e Nationale du 01.11.2016 qui rend l\u00e9gale la pratique du massage bien-\u00eatre,&nbsp; nous rappelons ici que nos massages ne constituent en aucun cas de soins m\u00e9dicaux ou de kin\u00e9sith\u00e9rapie, mais que nous pratiquons des techniques de bien-\u00eatre par la relaxation physique et la d\u00e9tente lib\u00e9ratrices de stress.<\/em><\/p>\n\n\n\n<p><\/p>\n","protected":false},"excerpt":{"rendered":"<p>Avertissement : conform\u00e9ment \u00e0 la r\u00e9ponse du gouvernement publi\u00e9e au Journal Officiel de l\u2019Assembl\u00e9e Nationale du 01.11.2016 qui rend l\u00e9gale la pratique du massage bien-\u00eatre,&nbsp; nous rappelons ici que nos massages ne constituent en aucun cas de soins m\u00e9dicaux ou de kin\u00e9sith\u00e9rapie, mais que nous pratiquons des techniques de bien-\u00eatre par la relaxation physique et [&hellip;]<\/p>\n","protected":false},"author":1,"featured_media":0,"parent":0,"menu_order":0,"comment_status":"closed","ping_status":"closed","template":"","meta":{"footnotes":""},"yoast_head":"<!-- This site is optimized with the Yoast SEO plugin v23.9 - https:\/\/yoast.com\/wordpress\/plugins\/seo\/ -->\n<title>Nos massages -<\/title>\n<meta name=\"robots\" content=\"index, follow, max-snippet:-1, max-image-preview:large, max-video-preview:-1\" \/>\n<link rel=\"canonical\" href=\"https:\/\/alatomassages.com\/index.php\/les-massages-bien-etre-alato\/\" \/>\n<meta property=\"og:locale\" content=\"fr_FR\" \/>\n<meta property=\"og:type\" content=\"article\" \/>\n<meta property=\"og:title\" content=\"Nos massages -\" \/>\n<meta property=\"og:description\" content=\"Avertissement : conform\u00e9ment \u00e0 la r\u00e9ponse du gouvernement publi\u00e9e au Journal Officiel de l\u2019Assembl\u00e9e Nationale du 01.11.2016 qui rend l\u00e9gale la pratique du massage bien-\u00eatre,&nbsp; nous rappelons ici que nos massages ne constituent en aucun cas de soins m\u00e9dicaux ou de kin\u00e9sith\u00e9rapie, mais que nous pratiquons des techniques de bien-\u00eatre par la relaxation physique et [&hellip;]\" \/>\n<meta property=\"og:url\" content=\"https:\/\/alatomassages.com\/index.php\/les-massages-bien-etre-alato\/\" \/>\n<meta property=\"article:publisher\" content=\"https:\/\/www.facebook.com\/alatomassages\" \/>\n<meta property=\"article:modified_time\" content=\"2019-09-23T17:10:27+00:00\" \/>\n<meta name=\"twitter:card\" content=\"summary_large_image\" \/>\n<script type=\"application\/ld+json\" class=\"yoast-schema-graph\">{\"@context\":\"https:\/\/schema.org\",\"@graph\":[{\"@type\":\"WebPage\",\"@id\":\"https:\/\/alatomassages.com\/index.php\/les-massages-bien-etre-alato\/\",\"url\":\"https:\/\/alatomassages.com\/index.php\/les-massages-bien-etre-alato\/\",\"name\":\"Nos massages -\",\"isPartOf\":{\"@id\":\"https:\/\/alatomassages.com\/#website\"},\"datePublished\":\"2019-03-27T14:55:13+00:00\",\"dateModified\":\"2019-09-23T17:10:27+00:00\",\"breadcrumb\":{\"@id\":\"https:\/\/alatomassages.com\/index.php\/les-massages-bien-etre-alato\/#breadcrumb\"},\"inLanguage\":\"fr-FR\",\"potentialAction\":[{\"@type\":\"ReadAction\",\"target\":[\"https:\/\/alatomassages.com\/index.php\/les-massages-bien-etre-alato\/\"]}]},{\"@type\":\"BreadcrumbList\",\"@id\":\"https:\/\/alatomassages.com\/index.php\/les-massages-bien-etre-alato\/#breadcrumb\",\"itemListElement\":[{\"@type\":\"ListItem\",\"position\":1,\"name\":\"Accueil\",\"item\":\"https:\/\/alatomassages.com\/\"},{\"@type\":\"ListItem\",\"position\":2,\"name\":\"Nos massages\"}]},{\"@type\":\"WebSite\",\"@id\":\"https:\/\/alatomassages.com\/#website\",\"url\":\"https:\/\/alatomassages.com\/\",\"name\":\"alatomassages\",\"description\":\"OFFREZ-VOUS CE DONT VOTRE CORPS A R\u00c9ELLEMENT BESOIN !\",\"publisher\":{\"@id\":\"https:\/\/alatomassages.com\/#organization\"},\"potentialAction\":[{\"@type\":\"SearchAction\",\"target\":{\"@type\":\"EntryPoint\",\"urlTemplate\":\"https:\/\/alatomassages.com\/?s={search_term_string}\"},\"query-input\":{\"@type\":\"PropertyValueSpecification\",\"valueRequired\":true,\"valueName\":\"search_term_string\"}}],\"inLanguage\":\"fr-FR\"},{\"@type\":\"Organization\",\"@id\":\"https:\/\/alatomassages.com\/#organization\",\"name\":\"Alato Massages\",\"url\":\"https:\/\/alatomassages.com\/\",\"logo\":{\"@type\":\"ImageObject\",\"inLanguage\":\"fr-FR\",\"@id\":\"https:\/\/alatomassages.com\/#\/schema\/logo\/image\/\",\"url\":\"https:\/\/alatomassages.com\/wp-content\/uploads\/2019\/03\/cropped-1200x1200px.jpg\",\"contentUrl\":\"https:\/\/alatomassages.com\/wp-content\/uploads\/2019\/03\/cropped-1200x1200px.jpg\",\"width\":240,\"height\":240,\"caption\":\"Alato Massages\"},\"image\":{\"@id\":\"https:\/\/alatomassages.com\/#\/schema\/logo\/image\/\"},\"sameAs\":[\"https:\/\/www.facebook.com\/alatomassages\"]}]}<\/script>\n<!-- \/ Yoast SEO plugin. -->","yoast_head_json":{"title":"Nos massages -","robots":{"index":"index","follow":"follow","max-snippet":"max-snippet:-1","max-image-preview":"max-image-preview:large","max-video-preview":"max-video-preview:-1"},"canonical":"https:\/\/alatomassages.com\/index.php\/les-massages-bien-etre-alato\/","og_locale":"fr_FR","og_type":"article","og_title":"Nos massages -","og_description":"Avertissement : conform\u00e9ment \u00e0 la r\u00e9ponse du gouvernement publi\u00e9e au Journal Officiel de l\u2019Assembl\u00e9e Nationale du 01.11.2016 qui rend l\u00e9gale la pratique du massage bien-\u00eatre,&nbsp; nous rappelons ici que nos massages ne constituent en aucun cas de soins m\u00e9dicaux ou de kin\u00e9sith\u00e9rapie, mais que nous pratiquons des techniques de bien-\u00eatre par la relaxation physique et [&hellip;]","og_url":"https:\/\/alatomassages.com\/index.php\/les-massages-bien-etre-alato\/","article_publisher":"https:\/\/www.facebook.com\/alatomassages","article_modified_time":"2019-09-23T17:10:27+00:00","twitter_card":"summary_large_image","schema":{"@context":"https:\/\/schema.org","@graph":[{"@type":"WebPage","@id":"https:\/\/alatomassages.com\/index.php\/les-massages-bien-etre-alato\/","url":"https:\/\/alatomassages.com\/index.php\/les-massages-bien-etre-alato\/","name":"Nos massages -","isPartOf":{"@id":"https:\/\/alatomassages.com\/#website"},"datePublished":"2019-03-27T14:55:13+00:00","dateModified":"2019-09-23T17:10:27+00:00","breadcrumb":{"@id":"https:\/\/alatomassages.com\/index.php\/les-massages-bien-etre-alato\/#breadcrumb"},"inLanguage":"fr-FR","potentialAction":[{"@type":"ReadAction","target":["https:\/\/alatomassages.com\/index.php\/les-massages-bien-etre-alato\/"]}]},{"@type":"BreadcrumbList","@id":"https:\/\/alatomassages.com\/index.php\/les-massages-bien-etre-alato\/#breadcrumb","itemListElement":[{"@type":"ListItem","position":1,"name":"Accueil","item":"https:\/\/alatomassages.com\/"},{"@type":"ListItem","position":2,"name":"Nos massages"}]},{"@type":"WebSite","@id":"https:\/\/alatomassages.com\/#website","url":"https:\/\/alatomassages.com\/","name":"alatomassages","description":"OFFREZ-VOUS CE DONT VOTRE CORPS A R\u00c9ELLEMENT BESOIN !","publisher":{"@id":"https:\/\/alatomassages.com\/#organization"},"potentialAction":[{"@type":"SearchAction","target":{"@type":"EntryPoint","urlTemplate":"https:\/\/alatomassages.com\/?s={search_term_string}"},"query-input":{"@type":"PropertyValueSpecification","valueRequired":true,"valueName":"search_term_string"}}],"inLanguage":"fr-FR"},{"@type":"Organization","@id":"https:\/\/alatomassages.com\/#organization","name":"Alato Massages","url":"https:\/\/alatomassages.com\/","logo":{"@type":"ImageObject","inLanguage":"fr-FR","@id":"https:\/\/alatomassages.com\/#\/schema\/logo\/image\/","url":"https:\/\/alatomassages.com\/wp-content\/uploads\/2019\/03\/cropped-1200x1200px.jpg","contentUrl":"https:\/\/alatomassages.com\/wp-content\/uploads\/2019\/03\/cropped-1200x1200px.jpg","width":240,"height":240,"caption":"Alato Massages"},"image":{"@id":"https:\/\/alatomassages.com\/#\/schema\/logo\/image\/"},"sameAs":["https:\/\/www.facebook.com\/alatomassages"]}]}},"_links":{"self":[{"href":"https:\/\/alatomassages.com\/index.php\/wp-json\/wp\/v2\/pages\/99"}],"collection":[{"href":"https:\/\/alatomassages.com\/index.php\/wp-json\/wp\/v2\/pages"}],"about":[{"href":"https:\/\/alatomassages.com\/index.php\/wp-json\/wp\/v2\/types\/page"}],"author":[{"embeddable":true,"href":"https:\/\/alatomassages.com\/index.php\/wp-json\/wp\/v2\/users\/1"}],"replies":[{"embeddable":true,"href":"https:\/\/alatomassages.com\/index.php\/wp-json\/wp\/v2\/comments?post=99"}],"version-history":[{"count":3,"href":"https:\/\/alatomassages.com\/index.php\/wp-json\/wp\/v2\/pages\/99\/revisions"}],"predecessor-version":[{"id":568,"href":"https:\/\/alatomassages.com\/index.php\/wp-json\/wp\/v2\/pages\/99\/revisions\/568"}],"wp:attachment":[{"href":"https:\/\/alatomassages.com\/index.php\/wp-json\/wp\/v2\/media?parent=99"}],"curies":[{"name":"wp","href":"https:\/\/api.w.org\/{rel}","templated":true}]}}