{"id":773,"date":"2020-12-18T11:39:43","date_gmt":"2020-12-18T10:39:43","guid":{"rendered":"http:\/\/alatomassages.com\/?page_id=773"},"modified":"2026-02-18T12:30:11","modified_gmt":"2026-02-18T11:30:11","slug":"les-cartes-cadeau-massage","status":"publish","type":"page","link":"https:\/\/alatomassages.com\/index.php\/les-cartes-cadeau-massage\/","title":{"rendered":"LES CARTES CADEAU MASSAGE"},"content":{"rendered":"<div class=\"wp-block-image\">\n<figure class=\"aligncenter size-large is-resized\"><img loading=\"lazy\" decoding=\"async\" width=\"940\" height=\"788\" src=\"https:\/\/alatomassages.com\/wp-content\/uploads\/2021\/09\/VISUEL-ANNIV.jpg\" alt=\"\" class=\"wp-image-840\" style=\"width:534px;height:auto\" srcset=\"https:\/\/alatomassages.com\/wp-content\/uploads\/2021\/09\/VISUEL-ANNIV.jpg 940w, https:\/\/alatomassages.com\/wp-content\/uploads\/2021\/09\/VISUEL-ANNIV-300x251.jpg 300w, https:\/\/alatomassages.com\/wp-content\/uploads\/2021\/09\/VISUEL-ANNIV-768x644.jpg 768w\" sizes=\"(max-width: 940px) 100vw, 940px\" \/><\/figure><\/div>\n\n\n<p class=\"has-medium-font-size\"><strong>Massage relaxation profonde et\/ou Bodhypnosis, massage une heure, une heure 30 ou deux heures, les options sont ouvertes !<\/strong><\/p>\n\n\n\n<p class=\"has-medium-font-size\">Choisissez  la formule que vous souhaitez offrir et commandez votre carte cadeau par mail ou t\u00e9l\u00e9phone, elle vous parviendra par la poste dans une jolie enveloppe comprenant la carte de votre choix, une carte vierge pour \u00e9crire un mot \u00e0 l&rsquo;heureux.se destinataire et la plaquette de pr\u00e9sentation de nos massages.<\/p>\n\n\n\n<p class=\"has-medium-font-size\">Attention, pour les massages en <strong>duo simultan\u00e9 :  seulement pour une heure trente ou deux heures.<\/strong><\/p>\n\n\n\n<p class=\"has-medium-font-size\">mail : contact@alatomassages.com<\/p>\n\n\n\n<p class=\"has-medium-font-size\">T\u00e9l : 06 32 45 29 08<\/p>\n\n\n\n<figure class=\"wp-block-image size-large\"><img loading=\"lazy\" decoding=\"async\" width=\"820\" height=\"312\" src=\"https:\/\/alatomassages.com\/wp-content\/uploads\/2020\/11\/Carte-cadeau-recto.jpg\" alt=\"\" class=\"wp-image-747\" srcset=\"https:\/\/alatomassages.com\/wp-content\/uploads\/2020\/11\/Carte-cadeau-recto.jpg 820w, https:\/\/alatomassages.com\/wp-content\/uploads\/2020\/11\/Carte-cadeau-recto-300x114.jpg 300w, https:\/\/alatomassages.com\/wp-content\/uploads\/2020\/11\/Carte-cadeau-recto-768x292.jpg 768w\" sizes=\"(max-width: 820px) 100vw, 820px\" \/><\/figure>\n\n\n\n<figure class=\"wp-block-image size-full is-resized\"><img loading=\"lazy\" decoding=\"async\" width=\"820\" height=\"312\" src=\"https:\/\/alatomassages.com\/wp-content\/uploads\/2024\/05\/Carte-cadeau-1h30.jpg\" alt=\"\" class=\"wp-image-1029\" style=\"width:840px;height:auto\" srcset=\"https:\/\/alatomassages.com\/wp-content\/uploads\/2024\/05\/Carte-cadeau-1h30.jpg 820w, https:\/\/alatomassages.com\/wp-content\/uploads\/2024\/05\/Carte-cadeau-1h30-300x114.jpg 300w, https:\/\/alatomassages.com\/wp-content\/uploads\/2024\/05\/Carte-cadeau-1h30-768x292.jpg 768w\" sizes=\"(max-width: 820px) 100vw, 820px\" \/><\/figure>\n\n\n\n<h2 class=\"wp-block-heading\">Un cadeau \u00e0 offrir en solo ou en couple :<\/h2>\n\n\n\n<figure class=\"wp-block-image size-full\"><img loading=\"lazy\" decoding=\"async\" width=\"1025\" height=\"133\" src=\"https:\/\/alatomassages.com\/wp-content\/uploads\/2026\/02\/image.png\" alt=\"\" class=\"wp-image-1097\" srcset=\"https:\/\/alatomassages.com\/wp-content\/uploads\/2026\/02\/image.png 1025w, https:\/\/alatomassages.com\/wp-content\/uploads\/2026\/02\/image-300x39.png 300w, https:\/\/alatomassages.com\/wp-content\/uploads\/2026\/02\/image-768x100.png 768w\" sizes=\"(max-width: 1025px) 100vw, 1025px\" \/><\/figure>\n\n\n\n<p>Pour les formules en duo, le massage d&rsquo;une heure se fait l&rsquo;un.e apr\u00e8s l&rsquo;autre. Les massages de 1h30 et 2h peuvent se faire en simultan\u00e9, avec ma coll\u00e8gue.<\/p>\n\n\n\n<h2 class=\"wp-block-heading\"><a href=\"https:\/\/alatomassages.com\/wp-admin\/post.php?post=185&amp;action=edit\" data-type=\"URL\" data-id=\"https:\/\/alatomassages.com\/wp-admin\/post.php?post=185&amp;action=edit\">Le massage tantrique cachemirien<\/a><\/h2>\n\n\n\n<p class=\"has-medium-font-size\">EXPLOREZ UNE NOUVEL ESPACE DE CONFIANCE ET DE COMPLICIT\u00c9 A DEUX PAR LE MASSAGE TANTRIQUE CACHEMIRIEN.<\/p>\n\n\n\n<p class=\"has-medium-font-size\"> ALATO MASSAGES VOUS PROPOSE DE VOUS ACCUEILLIR POUR UNE SOIR\u00c9E D\u00c9TENTE ET MASSAGE RIEN QUE POUR VOTRE COUPLE.<\/p>\n\n\n\n<p class=\"has-medium-font-size\"><strong>Tarif massage cachemirien couple : en duo (Patrick &amp; sa coll\u00e8gue ) : 320 \u20ac<\/strong>, <strong>avec Patrick uniquement : 250 \u20ac<\/strong><\/p>\n\n\n\n<p><\/p>\n","protected":false},"excerpt":{"rendered":"<p>Massage relaxation profonde et\/ou Bodhypnosis, massage une heure, une heure 30 ou deux heures, les options sont ouvertes ! Choisissez la formule que vous souhaitez offrir et commandez votre carte cadeau par mail ou t\u00e9l\u00e9phone, elle vous parviendra par la poste dans une jolie enveloppe comprenant la carte de votre choix, une carte vierge pour [&hellip;]<\/p>\n","protected":false},"author":1,"featured_media":0,"parent":0,"menu_order":0,"comment_status":"closed","ping_status":"closed","template":"","meta":{"footnotes":""},"yoast_head":"<!-- This site is optimized with the Yoast SEO plugin v23.9 - https:\/\/yoast.com\/wordpress\/plugins\/seo\/ -->\n<title>LES CARTES CADEAU MASSAGE -<\/title>\n<meta name=\"robots\" content=\"index, follow, max-snippet:-1, max-image-preview:large, max-video-preview:-1\" \/>\n<link rel=\"canonical\" href=\"https:\/\/alatomassages.com\/index.php\/les-cartes-cadeau-massage\/\" \/>\n<meta property=\"og:locale\" content=\"fr_FR\" \/>\n<meta property=\"og:type\" content=\"article\" \/>\n<meta property=\"og:title\" content=\"LES CARTES CADEAU MASSAGE -\" \/>\n<meta property=\"og:description\" content=\"Massage relaxation profonde et\/ou Bodhypnosis, massage une heure, une heure 30 ou deux heures, les options sont ouvertes ! Choisissez la formule que vous souhaitez offrir et commandez votre carte cadeau par mail ou t\u00e9l\u00e9phone, elle vous parviendra par la poste dans une jolie enveloppe comprenant la carte de votre choix, une carte vierge pour [&hellip;]\" \/>\n<meta property=\"og:url\" content=\"https:\/\/alatomassages.com\/index.php\/les-cartes-cadeau-massage\/\" \/>\n<meta property=\"article:publisher\" content=\"https:\/\/www.facebook.com\/alatomassages\" \/>\n<meta property=\"article:modified_time\" content=\"2026-02-18T11:30:11+00:00\" \/>\n<meta property=\"og:image\" content=\"https:\/\/alatomassages.com\/wp-content\/uploads\/2021\/09\/VISUEL-ANNIV.jpg\" \/>\n\t<meta property=\"og:image:width\" content=\"940\" \/>\n\t<meta property=\"og:image:height\" content=\"788\" \/>\n\t<meta property=\"og:image:type\" content=\"image\/jpeg\" \/>\n<meta name=\"twitter:card\" content=\"summary_large_image\" \/>\n<meta name=\"twitter:label1\" content=\"Dur\u00e9e de lecture estim\u00e9e\" \/>\n\t<meta name=\"twitter:data1\" content=\"2 minutes\" \/>\n<script type=\"application\/ld+json\" class=\"yoast-schema-graph\">{\"@context\":\"https:\/\/schema.org\",\"@graph\":[{\"@type\":\"WebPage\",\"@id\":\"https:\/\/alatomassages.com\/index.php\/les-cartes-cadeau-massage\/\",\"url\":\"https:\/\/alatomassages.com\/index.php\/les-cartes-cadeau-massage\/\",\"name\":\"LES CARTES CADEAU MASSAGE -\",\"isPartOf\":{\"@id\":\"https:\/\/alatomassages.com\/#website\"},\"primaryImageOfPage\":{\"@id\":\"https:\/\/alatomassages.com\/index.php\/les-cartes-cadeau-massage\/#primaryimage\"},\"image\":{\"@id\":\"https:\/\/alatomassages.com\/index.php\/les-cartes-cadeau-massage\/#primaryimage\"},\"thumbnailUrl\":\"https:\/\/alatomassages.com\/wp-content\/uploads\/2021\/09\/VISUEL-ANNIV.jpg\",\"datePublished\":\"2020-12-18T10:39:43+00:00\",\"dateModified\":\"2026-02-18T11:30:11+00:00\",\"breadcrumb\":{\"@id\":\"https:\/\/alatomassages.com\/index.php\/les-cartes-cadeau-massage\/#breadcrumb\"},\"inLanguage\":\"fr-FR\",\"potentialAction\":[{\"@type\":\"ReadAction\",\"target\":[\"https:\/\/alatomassages.com\/index.php\/les-cartes-cadeau-massage\/\"]}]},{\"@type\":\"ImageObject\",\"inLanguage\":\"fr-FR\",\"@id\":\"https:\/\/alatomassages.com\/index.php\/les-cartes-cadeau-massage\/#primaryimage\",\"url\":\"https:\/\/alatomassages.com\/wp-content\/uploads\/2021\/09\/VISUEL-ANNIV.jpg\",\"contentUrl\":\"https:\/\/alatomassages.com\/wp-content\/uploads\/2021\/09\/VISUEL-ANNIV.jpg\",\"width\":940,\"height\":788},{\"@type\":\"BreadcrumbList\",\"@id\":\"https:\/\/alatomassages.com\/index.php\/les-cartes-cadeau-massage\/#breadcrumb\",\"itemListElement\":[{\"@type\":\"ListItem\",\"position\":1,\"name\":\"Accueil\",\"item\":\"https:\/\/alatomassages.com\/\"},{\"@type\":\"ListItem\",\"position\":2,\"name\":\"LES CARTES CADEAU MASSAGE\"}]},{\"@type\":\"WebSite\",\"@id\":\"https:\/\/alatomassages.com\/#website\",\"url\":\"https:\/\/alatomassages.com\/\",\"name\":\"alatomassages\",\"description\":\"OFFREZ-VOUS CE DONT VOTRE CORPS A R\u00c9ELLEMENT BESOIN !\",\"publisher\":{\"@id\":\"https:\/\/alatomassages.com\/#organization\"},\"potentialAction\":[{\"@type\":\"SearchAction\",\"target\":{\"@type\":\"EntryPoint\",\"urlTemplate\":\"https:\/\/alatomassages.com\/?s={search_term_string}\"},\"query-input\":{\"@type\":\"PropertyValueSpecification\",\"valueRequired\":true,\"valueName\":\"search_term_string\"}}],\"inLanguage\":\"fr-FR\"},{\"@type\":\"Organization\",\"@id\":\"https:\/\/alatomassages.com\/#organization\",\"name\":\"Alato Massages\",\"url\":\"https:\/\/alatomassages.com\/\",\"logo\":{\"@type\":\"ImageObject\",\"inLanguage\":\"fr-FR\",\"@id\":\"https:\/\/alatomassages.com\/#\/schema\/logo\/image\/\",\"url\":\"https:\/\/alatomassages.com\/wp-content\/uploads\/2019\/03\/cropped-1200x1200px.jpg\",\"contentUrl\":\"https:\/\/alatomassages.com\/wp-content\/uploads\/2019\/03\/cropped-1200x1200px.jpg\",\"width\":240,\"height\":240,\"caption\":\"Alato Massages\"},\"image\":{\"@id\":\"https:\/\/alatomassages.com\/#\/schema\/logo\/image\/\"},\"sameAs\":[\"https:\/\/www.facebook.com\/alatomassages\"]}]}<\/script>\n<!-- \/ Yoast SEO plugin. -->","yoast_head_json":{"title":"LES CARTES CADEAU MASSAGE -","robots":{"index":"index","follow":"follow","max-snippet":"max-snippet:-1","max-image-preview":"max-image-preview:large","max-video-preview":"max-video-preview:-1"},"canonical":"https:\/\/alatomassages.com\/index.php\/les-cartes-cadeau-massage\/","og_locale":"fr_FR","og_type":"article","og_title":"LES CARTES CADEAU MASSAGE -","og_description":"Massage relaxation profonde et\/ou Bodhypnosis, massage une heure, une heure 30 ou deux heures, les options sont ouvertes ! Choisissez la formule que vous souhaitez offrir et commandez votre carte cadeau par mail ou t\u00e9l\u00e9phone, elle vous parviendra par la poste dans une jolie enveloppe comprenant la carte de votre choix, une carte vierge pour [&hellip;]","og_url":"https:\/\/alatomassages.com\/index.php\/les-cartes-cadeau-massage\/","article_publisher":"https:\/\/www.facebook.com\/alatomassages","article_modified_time":"2026-02-18T11:30:11+00:00","og_image":[{"width":940,"height":788,"url":"https:\/\/alatomassages.com\/wp-content\/uploads\/2021\/09\/VISUEL-ANNIV.jpg","type":"image\/jpeg"}],"twitter_card":"summary_large_image","twitter_misc":{"Dur\u00e9e de lecture estim\u00e9e":"2 minutes"},"schema":{"@context":"https:\/\/schema.org","@graph":[{"@type":"WebPage","@id":"https:\/\/alatomassages.com\/index.php\/les-cartes-cadeau-massage\/","url":"https:\/\/alatomassages.com\/index.php\/les-cartes-cadeau-massage\/","name":"LES CARTES CADEAU MASSAGE -","isPartOf":{"@id":"https:\/\/alatomassages.com\/#website"},"primaryImageOfPage":{"@id":"https:\/\/alatomassages.com\/index.php\/les-cartes-cadeau-massage\/#primaryimage"},"image":{"@id":"https:\/\/alatomassages.com\/index.php\/les-cartes-cadeau-massage\/#primaryimage"},"thumbnailUrl":"https:\/\/alatomassages.com\/wp-content\/uploads\/2021\/09\/VISUEL-ANNIV.jpg","datePublished":"2020-12-18T10:39:43+00:00","dateModified":"2026-02-18T11:30:11+00:00","breadcrumb":{"@id":"https:\/\/alatomassages.com\/index.php\/les-cartes-cadeau-massage\/#breadcrumb"},"inLanguage":"fr-FR","potentialAction":[{"@type":"ReadAction","target":["https:\/\/alatomassages.com\/index.php\/les-cartes-cadeau-massage\/"]}]},{"@type":"ImageObject","inLanguage":"fr-FR","@id":"https:\/\/alatomassages.com\/index.php\/les-cartes-cadeau-massage\/#primaryimage","url":"https:\/\/alatomassages.com\/wp-content\/uploads\/2021\/09\/VISUEL-ANNIV.jpg","contentUrl":"https:\/\/alatomassages.com\/wp-content\/uploads\/2021\/09\/VISUEL-ANNIV.jpg","width":940,"height":788},{"@type":"BreadcrumbList","@id":"https:\/\/alatomassages.com\/index.php\/les-cartes-cadeau-massage\/#breadcrumb","itemListElement":[{"@type":"ListItem","position":1,"name":"Accueil","item":"https:\/\/alatomassages.com\/"},{"@type":"ListItem","position":2,"name":"LES CARTES CADEAU MASSAGE"}]},{"@type":"WebSite","@id":"https:\/\/alatomassages.com\/#website","url":"https:\/\/alatomassages.com\/","name":"alatomassages","description":"OFFREZ-VOUS CE DONT VOTRE CORPS A R\u00c9ELLEMENT BESOIN !","publisher":{"@id":"https:\/\/alatomassages.com\/#organization"},"potentialAction":[{"@type":"SearchAction","target":{"@type":"EntryPoint","urlTemplate":"https:\/\/alatomassages.com\/?s={search_term_string}"},"query-input":{"@type":"PropertyValueSpecification","valueRequired":true,"valueName":"search_term_string"}}],"inLanguage":"fr-FR"},{"@type":"Organization","@id":"https:\/\/alatomassages.com\/#organization","name":"Alato Massages","url":"https:\/\/alatomassages.com\/","logo":{"@type":"ImageObject","inLanguage":"fr-FR","@id":"https:\/\/alatomassages.com\/#\/schema\/logo\/image\/","url":"https:\/\/alatomassages.com\/wp-content\/uploads\/2019\/03\/cropped-1200x1200px.jpg","contentUrl":"https:\/\/alatomassages.com\/wp-content\/uploads\/2019\/03\/cropped-1200x1200px.jpg","width":240,"height":240,"caption":"Alato Massages"},"image":{"@id":"https:\/\/alatomassages.com\/#\/schema\/logo\/image\/"},"sameAs":["https:\/\/www.facebook.com\/alatomassages"]}]}},"_links":{"self":[{"href":"https:\/\/alatomassages.com\/index.php\/wp-json\/wp\/v2\/pages\/773"}],"collection":[{"href":"https:\/\/alatomassages.com\/index.php\/wp-json\/wp\/v2\/pages"}],"about":[{"href":"https:\/\/alatomassages.com\/index.php\/wp-json\/wp\/v2\/types\/page"}],"author":[{"embeddable":true,"href":"https:\/\/alatomassages.com\/index.php\/wp-json\/wp\/v2\/users\/1"}],"replies":[{"embeddable":true,"href":"https:\/\/alatomassages.com\/index.php\/wp-json\/wp\/v2\/comments?post=773"}],"version-history":[{"count":24,"href":"https:\/\/alatomassages.com\/index.php\/wp-json\/wp\/v2\/pages\/773\/revisions"}],"predecessor-version":[{"id":1100,"href":"https:\/\/alatomassages.com\/index.php\/wp-json\/wp\/v2\/pages\/773\/revisions\/1100"}],"wp:attachment":[{"href":"https:\/\/alatomassages.com\/index.php\/wp-json\/wp\/v2\/media?parent=773"}],"curies":[{"name":"wp","href":"https:\/\/api.w.org\/{rel}","templated":true}]}}