{"id":104,"date":"2019-03-27T15:59:36","date_gmt":"2019-03-27T14:59:36","guid":{"rendered":"http:\/\/alatomassages.com\/?page_id=104"},"modified":"2026-02-18T12:12:58","modified_gmt":"2026-02-18T11:12:58","slug":"massage-relaxation-profonde","status":"publish","type":"page","link":"https:\/\/alatomassages.com\/index.php\/massage-relaxation-profonde\/","title":{"rendered":"Massage relaxation profonde calif +"},"content":{"rendered":"\n<p><\/p>\n\n\n\n<p class=\"has-medium-font-size\">Le massage Calif+ est  enseign\u00e9 par Yannicke Dirant de l&rsquo;institut de formation <a href=\"http:\/\/www.zemassage.fr\/\">Zemassage<\/a> bas\u00e9 \u00e0 Paris. Il  est inspir\u00e9 des<strong> <\/strong>techniques californienne et su\u00e9doise ainsi que du&nbsp; massage traditionnel abhyanga.<\/p>\n\n\n<div class=\"wp-block-image\">\n<figure class=\"aligncenter size-large is-resized\"><img loading=\"lazy\" decoding=\"async\" width=\"1024\" height=\"577\" src=\"https:\/\/alatomassages.com\/wp-content\/uploads\/2025\/10\/mains-poignet-1024x577.jpg\" alt=\"\" class=\"wp-image-1070\" style=\"width:447px;height:auto\" srcset=\"https:\/\/alatomassages.com\/wp-content\/uploads\/2025\/10\/mains-poignet-1024x577.jpg 1024w, https:\/\/alatomassages.com\/wp-content\/uploads\/2025\/10\/mains-poignet-300x169.jpg 300w, https:\/\/alatomassages.com\/wp-content\/uploads\/2025\/10\/mains-poignet-768x432.jpg 768w, https:\/\/alatomassages.com\/wp-content\/uploads\/2025\/10\/mains-poignet.jpg 1394w\" sizes=\"(max-width: 1024px) 100vw, 1024px\" \/><\/figure><\/div>\n\n\n<p class=\"has-medium-font-size\">Ce massage est une suite de man\u0153uvres fluides et enveloppantes sur tout le corps. <\/p>\n\n\n\n<p class=\"has-medium-font-size\">Les pressions varient selon les parties du corps et les rythmes vont de la lenteur extr\u00eame \u00e0 tr\u00e8s rapide.<\/p>\n\n\n<div class=\"wp-block-image\">\n<figure class=\"aligncenter size-large is-resized\"><img loading=\"lazy\" decoding=\"async\" width=\"758\" height=\"1024\" src=\"https:\/\/alatomassages.com\/wp-content\/uploads\/2025\/10\/bodhy-orteils-enveloppe-758x1024.jpg\" alt=\"\" class=\"wp-image-1077\" style=\"width:422px;height:auto\" srcset=\"https:\/\/alatomassages.com\/wp-content\/uploads\/2025\/10\/bodhy-orteils-enveloppe-758x1024.jpg 758w, https:\/\/alatomassages.com\/wp-content\/uploads\/2025\/10\/bodhy-orteils-enveloppe-222x300.jpg 222w, https:\/\/alatomassages.com\/wp-content\/uploads\/2025\/10\/bodhy-orteils-enveloppe-768x1037.jpg 768w, https:\/\/alatomassages.com\/wp-content\/uploads\/2025\/10\/bodhy-orteils-enveloppe-1138x1536.jpg 1138w, https:\/\/alatomassages.com\/wp-content\/uploads\/2025\/10\/bodhy-orteils-enveloppe.jpg 1376w\" sizes=\"(max-width: 758px) 100vw, 758px\" \/><\/figure><\/div>\n\n\n<p class=\"has-medium-font-size\">En tant que praticien j\u2019adopte une posture int\u00e9rieure d\u2019\u00e9coute et de bien \u00eatre de nature \u00e0 vous&nbsp; procurer une sensation de d\u00e9tente et d\u2019unit\u00e9 profonde du corps.<\/p>\n\n\n\n<p><\/p>\n\n\n\n<p class=\"has-medium-font-size\">C\u2019est un massage sur table, de tout le corps et \u00e0 l\u2019huile chaude. <\/p>\n\n\n\n<p class=\"has-medium-font-size\">Le massage relaxation profonde dure vous est propos\u00e9 en trois versions :  une heure, une heure trente ou deux heures. <\/p>\n\n\n\n<p class=\"has-medium-font-size\">De nombreuses  pratiques du massage Bodhypnosis sont int\u00e9gr\u00e9es dans les versions longues (1h30 et 2 h).<\/p>\n\n\n\n<p class=\"has-medium-font-size\">Possibilit\u00e9 de massage en duo simultan\u00e9 avec une coll\u00e8gue, seulement pour les massages de 1h30 et deux heures.<\/p>\n\n\n\n<p class=\"has-medium-font-size\">Pour les duos d&rsquo;une heure, je re\u00e7ois les personnes l&rsquo;une apr\u00e8s l&rsquo;autre. Possibilit\u00e9 d&rsquo;attendre dans mon salon ou de profiter du hammam et sauna si vous choisissez de vous faire masser \u00e0 l&rsquo;espace aquatique.<\/p>\n\n\n\n<div class=\"wp-block-button aligncenter\"><a class=\"wp-block-button__link has-very-dark-gray-color has-cyan-bluish-gray-background-color has-text-color has-background wp-element-button\" href=\"https:\/\/alatomassages.com\/wp-content\/uploads\/2021\/03\/temoignages-alato-070321.pdf\">Lire les t\u00e9moignages pour ce massage<br><\/a><\/div>\n\n\n\n<h2 class=\"wp-block-heading\">Dur\u00e9e et tarif :<\/h2>\n\n\n\n<figure class=\"wp-block-image size-full\"><img loading=\"lazy\" decoding=\"async\" width=\"847\" height=\"128\" src=\"https:\/\/alatomassages.com\/wp-content\/uploads\/2024\/10\/TARIF-CARTE-CADEAU-1024-1.jpg\" alt=\"\" class=\"wp-image-1054\" srcset=\"https:\/\/alatomassages.com\/wp-content\/uploads\/2024\/10\/TARIF-CARTE-CADEAU-1024-1.jpg 847w, https:\/\/alatomassages.com\/wp-content\/uploads\/2024\/10\/TARIF-CARTE-CADEAU-1024-1-300x45.jpg 300w, https:\/\/alatomassages.com\/wp-content\/uploads\/2024\/10\/TARIF-CARTE-CADEAU-1024-1-768x116.jpg 768w\" sizes=\"(max-width: 847px) 100vw, 847px\" \/><\/figure>\n\n\n\n<ul class=\"has-medium-font-size\">\n<li>Pour les formules en duo, le massage d&rsquo;une heure se fait l&rsquo;un.e apr\u00e8s l&rsquo;autre. Les massages de 1h30 et 2h peuvent se faire en simultan\u00e9, avec une coll\u00e8gue.<\/li>\n\n\n\n<li>Pour chaque massage, lors de votre accueil, un temps de parole sera consacr\u00e9 \u00e0 mieux connaitre votre attente, au besoin signaler d&rsquo;\u00e9ventuels probl\u00e8mes physiques et nous mettre d&rsquo;accord sur le protocole de massage. <strong>Pr\u00e9voir donc environ 30 mn de disponibilit\u00e9 suppl\u00e9mentaire aux temps  indiqu\u00e9s ci-dessous afin d&rsquo;int\u00e9grer le temps de vestiaire et ce temps  d&rsquo;\u00e9change. <\/strong><\/li>\n<\/ul>\n","protected":false},"excerpt":{"rendered":"<p>Le massage Calif+ est enseign\u00e9 par Yannicke Dirant de l&rsquo;institut de formation Zemassage bas\u00e9 \u00e0 Paris. Il est inspir\u00e9 des techniques californienne et su\u00e9doise ainsi que du&nbsp; massage traditionnel abhyanga. Ce massage est une suite de man\u0153uvres fluides et enveloppantes sur tout le corps. Les pressions varient selon les parties du corps et les rythmes [&hellip;]<\/p>\n","protected":false},"author":1,"featured_media":0,"parent":0,"menu_order":0,"comment_status":"closed","ping_status":"closed","template":"","meta":{"footnotes":""},"yoast_head":"<!-- This site is optimized with the Yoast SEO plugin v23.9 - https:\/\/yoast.com\/wordpress\/plugins\/seo\/ -->\n<title>Massage relaxation profonde calif + -<\/title>\n<meta name=\"robots\" content=\"index, follow, max-snippet:-1, max-image-preview:large, max-video-preview:-1\" \/>\n<link rel=\"canonical\" href=\"https:\/\/alatomassages.com\/index.php\/massage-relaxation-profonde\/\" \/>\n<meta property=\"og:locale\" content=\"fr_FR\" \/>\n<meta property=\"og:type\" content=\"article\" \/>\n<meta property=\"og:title\" content=\"Massage relaxation profonde calif + -\" \/>\n<meta property=\"og:description\" content=\"Le massage Calif+ est enseign\u00e9 par Yannicke Dirant de l&rsquo;institut de formation Zemassage bas\u00e9 \u00e0 Paris. Il est inspir\u00e9 des techniques californienne et su\u00e9doise ainsi que du&nbsp; massage traditionnel abhyanga. Ce massage est une suite de man\u0153uvres fluides et enveloppantes sur tout le corps. Les pressions varient selon les parties du corps et les rythmes [&hellip;]\" \/>\n<meta property=\"og:url\" content=\"https:\/\/alatomassages.com\/index.php\/massage-relaxation-profonde\/\" \/>\n<meta property=\"article:publisher\" content=\"https:\/\/www.facebook.com\/alatomassages\" \/>\n<meta property=\"article:modified_time\" content=\"2026-02-18T11:12:58+00:00\" \/>\n<meta property=\"og:image\" content=\"https:\/\/alatomassages.com\/wp-content\/uploads\/2025\/10\/mains-poignet.jpg\" \/>\n\t<meta property=\"og:image:width\" content=\"1394\" \/>\n\t<meta property=\"og:image:height\" content=\"785\" \/>\n\t<meta property=\"og:image:type\" content=\"image\/jpeg\" \/>\n<meta name=\"twitter:card\" content=\"summary_large_image\" \/>\n<meta name=\"twitter:label1\" content=\"Dur\u00e9e de lecture estim\u00e9e\" \/>\n\t<meta name=\"twitter:data1\" content=\"3 minutes\" \/>\n<script type=\"application\/ld+json\" class=\"yoast-schema-graph\">{\"@context\":\"https:\/\/schema.org\",\"@graph\":[{\"@type\":\"WebPage\",\"@id\":\"https:\/\/alatomassages.com\/index.php\/massage-relaxation-profonde\/\",\"url\":\"https:\/\/alatomassages.com\/index.php\/massage-relaxation-profonde\/\",\"name\":\"Massage relaxation profonde calif + -\",\"isPartOf\":{\"@id\":\"https:\/\/alatomassages.com\/#website\"},\"primaryImageOfPage\":{\"@id\":\"https:\/\/alatomassages.com\/index.php\/massage-relaxation-profonde\/#primaryimage\"},\"image\":{\"@id\":\"https:\/\/alatomassages.com\/index.php\/massage-relaxation-profonde\/#primaryimage\"},\"thumbnailUrl\":\"https:\/\/alatomassages.com\/wp-content\/uploads\/2025\/10\/mains-poignet-1024x577.jpg\",\"datePublished\":\"2019-03-27T14:59:36+00:00\",\"dateModified\":\"2026-02-18T11:12:58+00:00\",\"breadcrumb\":{\"@id\":\"https:\/\/alatomassages.com\/index.php\/massage-relaxation-profonde\/#breadcrumb\"},\"inLanguage\":\"fr-FR\",\"potentialAction\":[{\"@type\":\"ReadAction\",\"target\":[\"https:\/\/alatomassages.com\/index.php\/massage-relaxation-profonde\/\"]}]},{\"@type\":\"ImageObject\",\"inLanguage\":\"fr-FR\",\"@id\":\"https:\/\/alatomassages.com\/index.php\/massage-relaxation-profonde\/#primaryimage\",\"url\":\"https:\/\/alatomassages.com\/wp-content\/uploads\/2025\/10\/mains-poignet.jpg\",\"contentUrl\":\"https:\/\/alatomassages.com\/wp-content\/uploads\/2025\/10\/mains-poignet.jpg\",\"width\":1394,\"height\":785},{\"@type\":\"BreadcrumbList\",\"@id\":\"https:\/\/alatomassages.com\/index.php\/massage-relaxation-profonde\/#breadcrumb\",\"itemListElement\":[{\"@type\":\"ListItem\",\"position\":1,\"name\":\"Accueil\",\"item\":\"https:\/\/alatomassages.com\/\"},{\"@type\":\"ListItem\",\"position\":2,\"name\":\"Massage relaxation profonde calif +\"}]},{\"@type\":\"WebSite\",\"@id\":\"https:\/\/alatomassages.com\/#website\",\"url\":\"https:\/\/alatomassages.com\/\",\"name\":\"alatomassages\",\"description\":\"OFFREZ-VOUS CE DONT VOTRE CORPS A R\u00c9ELLEMENT BESOIN !\",\"publisher\":{\"@id\":\"https:\/\/alatomassages.com\/#organization\"},\"potentialAction\":[{\"@type\":\"SearchAction\",\"target\":{\"@type\":\"EntryPoint\",\"urlTemplate\":\"https:\/\/alatomassages.com\/?s={search_term_string}\"},\"query-input\":{\"@type\":\"PropertyValueSpecification\",\"valueRequired\":true,\"valueName\":\"search_term_string\"}}],\"inLanguage\":\"fr-FR\"},{\"@type\":\"Organization\",\"@id\":\"https:\/\/alatomassages.com\/#organization\",\"name\":\"Alato Massages\",\"url\":\"https:\/\/alatomassages.com\/\",\"logo\":{\"@type\":\"ImageObject\",\"inLanguage\":\"fr-FR\",\"@id\":\"https:\/\/alatomassages.com\/#\/schema\/logo\/image\/\",\"url\":\"https:\/\/alatomassages.com\/wp-content\/uploads\/2019\/03\/cropped-1200x1200px.jpg\",\"contentUrl\":\"https:\/\/alatomassages.com\/wp-content\/uploads\/2019\/03\/cropped-1200x1200px.jpg\",\"width\":240,\"height\":240,\"caption\":\"Alato Massages\"},\"image\":{\"@id\":\"https:\/\/alatomassages.com\/#\/schema\/logo\/image\/\"},\"sameAs\":[\"https:\/\/www.facebook.com\/alatomassages\"]}]}<\/script>\n<!-- \/ Yoast SEO plugin. -->","yoast_head_json":{"title":"Massage relaxation profonde calif + -","robots":{"index":"index","follow":"follow","max-snippet":"max-snippet:-1","max-image-preview":"max-image-preview:large","max-video-preview":"max-video-preview:-1"},"canonical":"https:\/\/alatomassages.com\/index.php\/massage-relaxation-profonde\/","og_locale":"fr_FR","og_type":"article","og_title":"Massage relaxation profonde calif + -","og_description":"Le massage Calif+ est enseign\u00e9 par Yannicke Dirant de l&rsquo;institut de formation Zemassage bas\u00e9 \u00e0 Paris. Il est inspir\u00e9 des techniques californienne et su\u00e9doise ainsi que du&nbsp; massage traditionnel abhyanga. Ce massage est une suite de man\u0153uvres fluides et enveloppantes sur tout le corps. Les pressions varient selon les parties du corps et les rythmes [&hellip;]","og_url":"https:\/\/alatomassages.com\/index.php\/massage-relaxation-profonde\/","article_publisher":"https:\/\/www.facebook.com\/alatomassages","article_modified_time":"2026-02-18T11:12:58+00:00","og_image":[{"width":1394,"height":785,"url":"https:\/\/alatomassages.com\/wp-content\/uploads\/2025\/10\/mains-poignet.jpg","type":"image\/jpeg"}],"twitter_card":"summary_large_image","twitter_misc":{"Dur\u00e9e de lecture estim\u00e9e":"3 minutes"},"schema":{"@context":"https:\/\/schema.org","@graph":[{"@type":"WebPage","@id":"https:\/\/alatomassages.com\/index.php\/massage-relaxation-profonde\/","url":"https:\/\/alatomassages.com\/index.php\/massage-relaxation-profonde\/","name":"Massage relaxation profonde calif + -","isPartOf":{"@id":"https:\/\/alatomassages.com\/#website"},"primaryImageOfPage":{"@id":"https:\/\/alatomassages.com\/index.php\/massage-relaxation-profonde\/#primaryimage"},"image":{"@id":"https:\/\/alatomassages.com\/index.php\/massage-relaxation-profonde\/#primaryimage"},"thumbnailUrl":"https:\/\/alatomassages.com\/wp-content\/uploads\/2025\/10\/mains-poignet-1024x577.jpg","datePublished":"2019-03-27T14:59:36+00:00","dateModified":"2026-02-18T11:12:58+00:00","breadcrumb":{"@id":"https:\/\/alatomassages.com\/index.php\/massage-relaxation-profonde\/#breadcrumb"},"inLanguage":"fr-FR","potentialAction":[{"@type":"ReadAction","target":["https:\/\/alatomassages.com\/index.php\/massage-relaxation-profonde\/"]}]},{"@type":"ImageObject","inLanguage":"fr-FR","@id":"https:\/\/alatomassages.com\/index.php\/massage-relaxation-profonde\/#primaryimage","url":"https:\/\/alatomassages.com\/wp-content\/uploads\/2025\/10\/mains-poignet.jpg","contentUrl":"https:\/\/alatomassages.com\/wp-content\/uploads\/2025\/10\/mains-poignet.jpg","width":1394,"height":785},{"@type":"BreadcrumbList","@id":"https:\/\/alatomassages.com\/index.php\/massage-relaxation-profonde\/#breadcrumb","itemListElement":[{"@type":"ListItem","position":1,"name":"Accueil","item":"https:\/\/alatomassages.com\/"},{"@type":"ListItem","position":2,"name":"Massage relaxation profonde calif +"}]},{"@type":"WebSite","@id":"https:\/\/alatomassages.com\/#website","url":"https:\/\/alatomassages.com\/","name":"alatomassages","description":"OFFREZ-VOUS CE DONT VOTRE CORPS A R\u00c9ELLEMENT BESOIN !","publisher":{"@id":"https:\/\/alatomassages.com\/#organization"},"potentialAction":[{"@type":"SearchAction","target":{"@type":"EntryPoint","urlTemplate":"https:\/\/alatomassages.com\/?s={search_term_string}"},"query-input":{"@type":"PropertyValueSpecification","valueRequired":true,"valueName":"search_term_string"}}],"inLanguage":"fr-FR"},{"@type":"Organization","@id":"https:\/\/alatomassages.com\/#organization","name":"Alato Massages","url":"https:\/\/alatomassages.com\/","logo":{"@type":"ImageObject","inLanguage":"fr-FR","@id":"https:\/\/alatomassages.com\/#\/schema\/logo\/image\/","url":"https:\/\/alatomassages.com\/wp-content\/uploads\/2019\/03\/cropped-1200x1200px.jpg","contentUrl":"https:\/\/alatomassages.com\/wp-content\/uploads\/2019\/03\/cropped-1200x1200px.jpg","width":240,"height":240,"caption":"Alato Massages"},"image":{"@id":"https:\/\/alatomassages.com\/#\/schema\/logo\/image\/"},"sameAs":["https:\/\/www.facebook.com\/alatomassages"]}]}},"_links":{"self":[{"href":"https:\/\/alatomassages.com\/index.php\/wp-json\/wp\/v2\/pages\/104"}],"collection":[{"href":"https:\/\/alatomassages.com\/index.php\/wp-json\/wp\/v2\/pages"}],"about":[{"href":"https:\/\/alatomassages.com\/index.php\/wp-json\/wp\/v2\/types\/page"}],"author":[{"embeddable":true,"href":"https:\/\/alatomassages.com\/index.php\/wp-json\/wp\/v2\/users\/1"}],"replies":[{"embeddable":true,"href":"https:\/\/alatomassages.com\/index.php\/wp-json\/wp\/v2\/comments?post=104"}],"version-history":[{"count":55,"href":"https:\/\/alatomassages.com\/index.php\/wp-json\/wp\/v2\/pages\/104\/revisions"}],"predecessor-version":[{"id":1087,"href":"https:\/\/alatomassages.com\/index.php\/wp-json\/wp\/v2\/pages\/104\/revisions\/1087"}],"wp:attachment":[{"href":"https:\/\/alatomassages.com\/index.php\/wp-json\/wp\/v2\/media?parent=104"}],"curies":[{"name":"wp","href":"https:\/\/api.w.org\/{rel}","templated":true}]}}